{"id":24,"date":"2017-11-01T19:43:24","date_gmt":"2017-11-01T18:43:24","guid":{"rendered":"http:\/\/neu.seniorenzeithilfe-hattingen.de\/?page_id=24"},"modified":"2023-05-04T11:47:26","modified_gmt":"2023-05-04T10:47:26","slug":"erzaehl-cafe","status":"publish","type":"page","link":"http:\/\/neu.seniorenzeithilfe-hattingen.de\/?page_id=24","title":{"rendered":"Erz\u00e4hl Cafe"},"content":{"rendered":"<p style=\"text-align: center;\"><strong><span class=\"auto-style1\"><span class=\"auto-style2\">Unser Erz\u00e4hl &#8211; Caf<\/span><\/span>\u00e9<\/strong><\/p>\n<h1 id=\"firstHeading\" class=\"firstHeading\" lang=\"de\"><img loading=\"lazy\" decoding=\"async\" class=\"size-medium wp-image-74 aligncenter\" src=\"http:\/\/neu.seniorenzeithilfe-hattingen.de\/wp-content\/uploads\/2018\/03\/SAM_1196-300x225.jpg\" alt=\"\" width=\"300\" height=\"225\" srcset=\"http:\/\/neu.seniorenzeithilfe-hattingen.de\/wp-content\/uploads\/2018\/03\/SAM_1196-300x225.jpg 300w, http:\/\/neu.seniorenzeithilfe-hattingen.de\/wp-content\/uploads\/2018\/03\/SAM_1196-768x576.jpg 768w, http:\/\/neu.seniorenzeithilfe-hattingen.de\/wp-content\/uploads\/2018\/03\/SAM_1196-1024x768.jpg 1024w\" sizes=\"auto, (max-width: 300px) 100vw, 300px\" \/><\/h1>\n<p style=\"text-align: center;\"><span class=\"auto-style3\">\u00a0<\/span><\/p>\n<p>Die Erz\u00e4hlcaf\u00e9s ruhen zur Zeit wegen Krankheit sollen aber grunds\u00e4tzlich sp\u00e4testens im<br \/>\nHerbst diesen Jahres fortgesetzt werden. Dar\u00fcber werden wir selbstverst\u00e4ndlich an dieser<br \/>\nStelle gerne informieren, sobald sich etwas Konkretes tut, aber sp\u00e4testens im September<br \/>\nwerden wir hier ankn\u00fcpfen und zu neuen spannenden Nachmittagen einladen.<\/p>\n<p style=\"text-align: center;\"><strong>\u00a0<\/strong><\/p>\n","protected":false},"excerpt":{"rendered":"<p>Unser Erz\u00e4hl &#8211; Caf\u00e9 \u00a0 Die Erz\u00e4hlcaf\u00e9s ruhen zur Zeit wegen Krankheit sollen aber grunds\u00e4tzlich sp\u00e4testens im Herbst diesen Jahres fortgesetzt werden. Dar\u00fcber werden wir selbstverst\u00e4ndlich an dieser Stelle gerne informieren, sobald sich etwas Konkretes tut, aber sp\u00e4testens im September werden wir hier ankn\u00fcpfen und zu neuen spannenden Nachmittagen einladen. \u00a0<\/p>\n","protected":false},"author":1,"featured_media":0,"parent":0,"menu_order":3,"comment_status":"closed","ping_status":"closed","template":"","meta":{"footnotes":""},"class_list":["post-24","page","type-page","status-publish","hentry"],"_links":{"self":[{"href":"http:\/\/neu.seniorenzeithilfe-hattingen.de\/index.php?rest_route=\/wp\/v2\/pages\/24","targetHints":{"allow":["GET"]}}],"collection":[{"href":"http:\/\/neu.seniorenzeithilfe-hattingen.de\/index.php?rest_route=\/wp\/v2\/pages"}],"about":[{"href":"http:\/\/neu.seniorenzeithilfe-hattingen.de\/index.php?rest_route=\/wp\/v2\/types\/page"}],"author":[{"embeddable":true,"href":"http:\/\/neu.seniorenzeithilfe-hattingen.de\/index.php?rest_route=\/wp\/v2\/users\/1"}],"replies":[{"embeddable":true,"href":"http:\/\/neu.seniorenzeithilfe-hattingen.de\/index.php?rest_route=%2Fwp%2Fv2%2Fcomments&post=24"}],"version-history":[{"count":37,"href":"http:\/\/neu.seniorenzeithilfe-hattingen.de\/index.php?rest_route=\/wp\/v2\/pages\/24\/revisions"}],"predecessor-version":[{"id":350,"href":"http:\/\/neu.seniorenzeithilfe-hattingen.de\/index.php?rest_route=\/wp\/v2\/pages\/24\/revisions\/350"}],"wp:attachment":[{"href":"http:\/\/neu.seniorenzeithilfe-hattingen.de\/index.php?rest_route=%2Fwp%2Fv2%2Fmedia&parent=24"}],"curies":[{"name":"wp","href":"https:\/\/api.w.org\/{rel}","templated":true}]}}

Erzähl Cafe

<p style="text-align: center;"><strong><span class="auto-style1"><span class="auto-style2">Unser Erzähl &#8211; Caf</span></span>é</strong></p>
<h1 id="firstHeading" class="firstHeading" lang="de"><img loading="lazy" decoding="async" class="size-medium wp-image-74 aligncenter" src="http://neu.seniorenzeithilfe-hattingen.de/wp-content/uploads/2018/03/SAM_1196-300x225.jpg" alt="" width="300" height="225" srcset="http://neu.seniorenzeithilfe-hattingen.de/wp-content/uploads/2018/03/SAM_1196-300x225.jpg 300w, http://neu.seniorenzeithilfe-hattingen.de/wp-content/uploads/2018/03/SAM_1196-768x576.jpg 768w, http://neu.seniorenzeithilfe-hattingen.de/wp-content/uploads/2018/03/SAM_1196-1024x768.jpg 1024w" sizes="auto, (max-width: 300px) 100vw, 300px" /></h1>
<p style="text-align: center;"><span class="auto-style3"> </span></p>
<p>Die Erzählcafés ruhen zur Zeit wegen Krankheit sollen aber grundsätzlich spätestens im<br />
Herbst diesen Jahres fortgesetzt werden. Darüber werden wir selbstverständlich an dieser<br />
Stelle gerne informieren, sobald sich etwas Konkretes tut, aber spätestens im September<br />
werden wir hier anknüpfen und zu neuen spannenden Nachmittagen einladen.</p>
<p style="text-align: center;"><strong> </strong></p>

<p>Unser Erzähl &#8211; Café   Die Erzählcafés ruhen zur Zeit wegen Krankheit sollen aber grundsätzlich spätestens im Herbst diesen Jahres fortgesetzt werden. Darüber werden wir selbstverständlich an dieser Stelle gerne informieren, sobald sich etwas Konkretes tut, aber spätestens im September werden wir hier anknüpfen und zu neuen spannenden Nachmittagen einladen.  </p>
